 q + -3. Suppose -o*l + 25 = 10. What are the prime factors of l?
5
Suppose 8*i = 323 + 2061. What are the prime factors of i?
2, 149
Suppose d - 2*r - 12 = 0, -r + 3 + 2 = 5*d. Suppose d*c = -3*c + 30. Let v = c + 1. What are the prime factors of v?
7
Let m(w) = -w**2 + 9*w + 11. What are the prime factors of m(8)?
19
Let t be (-9)/(-3) - (-9)/(-3). Let x(d) = -2 + t*d**2 + d**2 + 3. List the prime factors of x(-2).
5
Let r be (-4)/(-6) + (-18)/27. Suppose r = -4*k + 19 + 69. What are the prime factors of k?
2, 11
Suppose 5*c - 110 = 65. List the prime factors of c.
5, 7
Suppose -2*w - 24 = -f + 3*f, 0 = 3*f + 12. Let p be (15/(-12))/((-2)/w). Let d(x) = -2*x + 3. What are the prime factors of d(p)?
13
Suppose 2*k - 112 = -3*t + 49, -4*t - k = -218. What are the prime factors of t?
5, 11
Suppose 0 = -x + 5*t + 131 - 40, 2*x + 4*t = 126. Suppose 5*z = 249 + x. Suppose -3*l + z + 2 = 0. List the prime factors of l.
2, 11
Let t = -21 + 3. Let z = 24 + t. What are the prime factors of z?
2, 3
Let r = 2 - 6. Let j(v) = -2*v**2 - 12*v + 8. Let a be j(-6). Let k = r + a. List the prime factors of k.
2
Let f = -3 - 17. Let k = f + 30. What are the prime factors of k?
2, 5
Let g(o) = o**3 + 15*o**2 + 3*o + 14. List the prime factors of g(-14).
2, 3, 7
Suppose -2*r + 4 = -y - 6, 0 = 3*r + y - 5. Suppose 24 = r*o - 12. What are the prime factors of o?
2, 3
Let s = -3 - -3. Suppose -3*d + 5*n + 127 = s, 3*d - 2*n - 122 = 2*n. List the prime factors of d.
2, 17
Let o = 228 + -107. List the prime factors of o.
11
Let v = -20 + 14. Let t = 17 + v. What are the prime factors of t?
11
Let a be (-18)/(-12) + (-2)/(-4). Suppose -a*n + 42 = -0*n. List the prime factors of n.
3, 7
Suppose -25*d = -3111 - 1389. List the prime factors of d.
2, 3, 5
Let i(r) = r + 3. Let f be i(0). Let h be (f/(-2))/(3/(-4)). Suppose 5*j - 25 = 0, -3*d + 3*j = -h*d + 3. List the prime factors of d.
2, 3
Suppose -67 - 761 = -3*r. List the prime factors of r.
2, 3, 23
Suppose -91 = 4*v - 5*a - 1518, 3*a = -9. List the prime factors of v.
353
Let k = -5 + 7. Let a(i) = -i**2 + 0 + 0*i**2 + k*i**2 + 1 + i. What are the prime factors of a(-3)?
7
Suppose -3*p - 3*s + 7*s + 77 = 0, -p + 33 = -5*s. Suppose -68 = -4*v - 3*d, -p = -5*v + 3*d + 35. What are the prime factors of v?
2, 7
Let v be 1*(1 - (2 - 1)). Suppose v = -2*r + 1 + 23. List the prime factors of r.
2, 3
Let d(m) = -m**2 - 9*m + 6. Let g be d(-9). Suppose g*h = h + 25. Suppose 0 = -2*p + 5 + h. What are the prime factors of p?
5
Suppose 0*s - 13*s + 2106 = 0. What are the prime factors of s?
2, 3
Suppose -6 = 3*o - o. Let u = -6 - o. List the prime factors of ((-1)/2)/(u/24).
2
Suppose -4*t + 8 + 0 = 0. Let c = t + 9. What are the prime factors of c?
11
Suppose 3 = -2*f + 7. Suppose -f*g + 8 = -6. What are the prime factors of g?
7
Suppose 0 = 2*d - 3*a - 15, -4*d - 8 + 33 = -5*a. Suppose -w - 4*b + 8 = d, b = -5*w - b + 4. Suppose -3*i + 6 + 9 = w. List the prime factors of i.
5
Suppose 2*c - 2 = -2*u, 2*c + 14 = 5*u - 2*c. Suppose -u*f + 33 = -f. List the prime factors of f.
3, 11
Suppose 4*a - 5*o = 701, 0 = 5*a + 6*o - o - 820. List the prime factors of a.
13
Suppose 2*j + 85 = 3*j. List the prime factors of j.
5, 17
Suppose -x - 5 = 3*x + 5*z, -3*x - z - 1 = 0. Suppose 3*s + f - 3*f - 12 = x, 8 = 2*s + f. Suppose 15 = 5*t - s*t. What are the prime factors of t?
3, 5
Let i = 23 - 3. Let h = i - 14. Suppose 2*j - h*j = -16. List the prime factors of j.
2
Let b = 61 + -34. Suppose 3 = w + 2*d, -2*w + 4*d = -w - b. What are the prime factors of w?
11
Let j = -14 + 23. What are the prime factors of j?
3
Let n = 23 + 13. What are the prime factors of n + -2 - (3 - 0)?
31
Let f(k) = k**3 + 5*k**2 - 5*k - 15. List the prime factors of f(-4).
3, 7
Let s be (20/8)/((-3)/(-6)). Suppose 0*h - s*h + 50 = 0. Suppose h = -4*b + 82. What are the prime factors of b?
2, 3
Let d = -8 + -2. Let c(a) = -a**3 + 7*a**2 - 8*a + 2. Let y be c(6). What are the prime factors of 4/d - 64/y?
2, 3
Let z = 12 - 9. Suppose -2*s = r + 2*r - 62, z*s = 4*r - 77. List the prime factors of r.
2, 5
Let r = -8 + 47. List the prime factors of (-3)/(-3) + -3 + r.
37
Let u(o) = o**3 - 12*o**2 + 12*o - 7. Let h = 5 - 21. Let f = h + 27. What are the prime factors of u(f)?
2
Suppose 176 + 5 = 2*v - 5*t, 0 = 4*v + 3*t - 349. List the prime factors of v.
2, 11
Let b(q) = 3*q**2 - q - 1. Let z be b(2). List the prime factors of (-440)/(-12)*z/6.
5, 11
Let a(j) = -26*j**3 + 2*j**2 - 1. What are the prime factors of a(-1)?
3
What are the prime factors of 2072/21 + (-1)/(-3)?
3, 11
Let r(g) = -g**3 + 2*g**2 + 7*g + 8. List the prime factors of r(-4).
2, 19
What are the prime factors of ((-576)/(-9))/(1 - -1)?
2
Let t be ((-50)/(-5))/(2/10). List the prime factors of (-74)/(-5) - (-10)/t.
3, 5
List the prime factors of (4/5)/((-6)/(-75)).
2, 5
Let o = 35 - 13. Suppose 0 = 3*a - a - 174. Suppose 5*f - a = 3*y, 2*f - 4 = -y + o. List the prime factors of f.
3, 5
Let b(z) = -3*z + 4. Let t be b(6). Let j(w) = -w**2 + 2*w + 2. Let v be j(4). Let d = v - t. What are the prime factors of d?
2
Suppose 0 = 3*m - 3 - 36. Suppose -g + 20 = 3*g, -4*v - g = -m. Suppose 5*d - v*d = 3*h, -5*d = 5*h - 40. What are the prime factors of h?
2
Let h be (-8)/(-32) + (-15)/(-4). List the prime factors of h + -3 + (5 - 2).
2
Suppose m - 4*f = 23, 2*m + 3*f + 19 = -2*f. Suppose m*j + 15 = 3. What are the prime factors of j/14 + (-72)/(-7)?
2, 5
Suppose -5*y + 2*y = -78. What are the prime factors of y?
2, 13
Suppose -10 = -4*w + 2*j, 2*w - 4*j - 1 = -11. List the prime factors of w.
5
Let r(t) = 3*t**2 - 3*t - 5. Suppose -5*v + 16 = 2*a, 2*v - a = -3*v + 22. What are the prime factors of r(v)?
31
Let v be -2 + 25 - (-1 + 1). Suppose 4*p + 17 + v = 4*b, 2*p + 50 = 5*b. Suppose 2*k = b + 6. What are the prime factors of k?
2
Suppose 0 = 3*v + 2*v + 10. What are the prime factors of (-3 + (-7)/v)*26?
13
Let a be -1 + (-4 - -2) + 3. Suppose -p + 3*p = a. Suppose 4*f - 5*h + 1 = p, h + 1 - 6 = 0. What are the prime factors of f?
2, 3
What are the prime factors of (0 - -3)/(2/14)?
3, 7
Let r(s) = 46*s + 9. List the prime factors of r(3).
3, 7
Let n be ((-1)/(-2))/(1/8). Let z(y) = y**3 - 3*y**2 - 4*y + 5. Let r be z(n). Suppose r*m - 2*f - 23 = 0, -14 = m - 3*m - 4*f. What are the prime factors of m?
5
List the prime factors of 72 + ((-4)/(-1) - 4).
2, 3
Suppose 5*b - 355 = -0*b. What are the prime factors of b?
71
Let j(v) = 7*v + 12. What are the prime factors of j(20)?
2, 19
Suppose -3*i + 86 = s, -4*s - 4*i + 471 = 167. List the prime factors of s.
71
Let l(d) = d**3 + 3*d**2 - 3*d + 1. Let f be l(-4). Let h = 12 + f. What are the prime factors of h?
3
Suppose 2*w = w. Suppose w = 3*y - 6*y + 24. What are the prime factors of y?
2
Let u be 3*((0 - -1) + 0). Suppose 4*m - u*t - 32 = 0, 40 = 5*m + 3*t - 5*t. Let y = -4 + m. List the prime factors of y.
2
Suppose 2*y - 7 = -j, -4*y + 3*y = 3*j + 9. Suppose -4*x + 2*w = y*w - 80, 8 = 2*w. List the prime factors of x.
2
Let z = 4 + -1. Suppose -5*c = -2*x - 4, -5*x + 0*c + 9 = -z*c. List the prime factors of x.
3
Let s(u) = 3*u**2 - u - 2. Let l be s(-2). Let d = l - 8. What are the prime factors of d?
2
Let b = -7 - -29. Let f(h) = 17*h - 1. Let x be f(1). Let l = b - x. What are the prime factors of l?
2, 3
Let h(q) = 4*q. Let w be h(1). What are the prime factors of 27/w - 1/(-4)?
7
Suppose -2*p - 3*p + 75 = 0. Suppose -p = -c - t + 2*t, 0 = 5*c + 5*t - 45. List the prime factors of c.
2, 3
What are the prime factors of 307/6 - (10/12)/5?
3, 17
Let s(f) = 3*f**3 + 21*f**2 + f - 12. Let u = 11 - 16. Let m(d) = 2*d**3 + 14*d**2 + d - 8. Let v(y) = u*s(y) + 8*m(y). What are the prime factors of v(-6)?
2, 7
Suppose 77 + 28 = 5*p. What are the prime factors of p?
3, 7
Suppose -2*d = -12 - 322. Suppose -5*k = 4*y - d, k - 3*y - 13 = 9. Let a = k + -19. What are the prime factors of a?
2, 3
Suppose -5*m = 2*q - 234, -2*m = -q - 75 - 15. What are the prime factors of m?
2, 23
Let s be 4/(-14) + 57/(-21). Let q be (0 + s)*4/(-3). Suppose q*f = -0*f + 12. List the prime factors of f.
3
Let v be 1*-1 + 1 + 5. Let p = v - 3. Suppose -3*x - 2*j = p*j - 26, -5*j - 14 = -4*x. List the prime factors of x.
2, 3
Let r(q) = q**3 + q**2 - 2*q. Let z be r(3). Let 